34760.
84
Calculate the highest common factor of 417 and 221251304.
139
Calculate the greatest common factor of 452767648 and 2828.
404
Calculate the highest common factor of 3519 and 164611.
391
Calculate the greatest common factor of 3900 and 9580350.
1950
Calculate the greatest common factor of 58246784 and 264.
8
Calculate the highest common factor of 321672 and 624.
312
What is the highest common divisor of 21828 and 1418178?
642
Calculate the highest common factor of 3019744 and 12852.
476
What is the greatest common divisor of 5434141 and 207?
23
Calculate the greatest common divisor of 252 and 1596150.
18
What is the greatest common divisor of 46909944 and 558?
558
What is the greatest common factor of 681 and 103721521?
227
What is the highest common divisor of 44 and 31735?
11
Calculate the greatest common factor of 198725 and 375.
25
Calculate the highest common factor of 324 and 151241742.
162
Calculate the highest common factor of 2916615 and 45.
15
Calculate the greatest common factor of 469 and 70270739.
469
Calculate the greatest common divisor of 9308 and 127090.
358
What is the greatest common divisor of 162 and 669832578?
162
Calculate the highest common divisor of 13260085 and 80665.
6205
Calculate the greatest common divisor of 277480099 and 52.
13
Calculate the highest common divisor of 130571 and 6394.
23
Calculate the highest common factor of 6077190 and 386785.
1505
Calculate the greatest common divisor of 497752738 and 42.
14
Calculate the greatest common factor of 28536 and 36192.
696
Calculate the greatest common factor of 131130077 and 4693.
247
What is the greatest common divisor of 517392759 and 1209?
1209
What is the greatest common factor of 2176 and 72819976?
136
Calculate the highest common factor of 1098 and 16141149.
549
What is the highest common factor of 60 and 202452?
12
Calculate the highest common factor of 2835 and 304632657.
567
Calculate the highest common factor of 1039670725 and 25.
25
Calculate the greatest common divisor of 333 and 260580751.
37
Calculate the highest common divisor of 386 and 27058.
2
What is the greatest common divisor of 807319 and 3649?
89
Calculate the highest common factor of 1541268 and 7242.
426
What is the greatest common factor of 579807868 and 852?
284
What is the greatest common factor of 37935 and 670113?
27
Calculate the highest common divisor of 11240550 and 150.
150
What is the highest common factor of 10 and 10052680?
10
What is the greatest common factor of 5 and 12171855?
5
Calculate the greatest common factor of 72906977 and 1331.
121
What is the greatest common divisor of 46881536 and 3328?
3328
What is the greatest common factor of 11 and 45977162?
11
Calculate the greatest common divisor of 110 and 20840050.
110
Calculate the greatest common divisor of 673038 and 1195974.
4842
What is the greatest common factor of 86 and 1669561?
43
What is the greatest common factor of 276 and 5050593?
69
Calculate the highest common factor of 2131394 and 14.
2
Calculate the highest common divisor of 206 and 39683840.
206
Calculate the highest common factor of 69 and 538507947.
69
What is the greatest common divisor of 2 and 356226034?
2
Calculate the greatest common factor of 3771083 and 662.
331
Calculate the greatest common factor of 196783 and 529.
1
Calculate the greatest common divisor of 459552 and 2100.
12
Calculate the highest common factor of 1519658 and 1247.
29
Calculate the greatest common divisor of 174746289 and 16175.
647
What is the greatest common factor of 1249 and 38255621?
1249
Calculate the highest common factor of 1396 and 10604714.
698
Calculate the greatest common factor of 584 and 3703874.
146
Calculate the greatest common factor of 5109 and 501861.
393
What is the highest common divisor of 93188076 and 12?
12
What is the highest common factor of 96278 and 42358134?
4186
Calculate the greatest common factor of 261457 and 136325.
287
Calculate the greatest common divisor of 12838708 and 7265.
1453
Calculate the greatest common divisor of 280 and 1292585.
35
What is the greatest common divisor of 11935846 and 412?
206
Calculate the greatest common divisor of 147200 and 112659200.
6400
Calculate the greatest common divisor of 35938907 and 6501.
197
Calculate the highest common divisor of 1157619 and 777.
111
What is the greatest common factor of 627 and 1166815441?
209
What is the highest common factor of 9 and 13780179?
9
What is the highest common divisor of 21888 and 148580?
76
Calculate the greatest common divisor of 226226 and 906191.
143
What is the greatest common divisor of 1862 and 7523313?
49
What is the highest common factor of 65 and 128107187?
13
Calculate the greatest common factor of 191 and 148033404.
191
Calculate the highest common divisor of 715 and 4248563.
11
What is the highest common divisor of 1068290 and 569530?
3370
Calculate the highest common factor of 9854300 and 200.
100
What is the highest common factor of 9653189 and 6734?
3367
What is the greatest common divisor of 210824144 and 32?
16
Calculate the highest common factor of 4354309 and 74981.
773
Calculate the highest common divisor of 30368 and 598819.
949
What is the greatest common divisor of 464 and 2934278?
58
Calculate the greatest common factor of 248709685 and 140.
35
What is the greatest common factor of 14700 and 18220?
20
What is the greatest common divisor of 1806048 and 48672?
288
Calculate the greatest common factor of 261326 and 754.
26
What is the greatest common divisor of 1359 and 100770303?
453
Calculate the greatest common factor of 2381206 and 115130.
794
Calculate the greatest common divisor of 99974737 and 1896.
79
Calculate the highest common factor of 268306 and 10.
2
What is the greatest common divisor of 64 and 45516?
4
Calculate the greatest common factor of 45 and 789015.
15
Calculate the highest common divisor of 169 and 4575519.
13
What is the highest common divisor of 21955 and 16527724?
4391
What is the greatest common divisor of 3332 and 43550906?
1666
Calculate the greatest common factor of 6592645 and 11723.
617
What is the highest common factor of 80964 and 25400206?
4498
What is the greatest common factor of 15275556 and 1020?
12
Calculate the greatest common divisor of 39295 and 254330.
145
What is the greatest common factor of 212 and 11700?
4
Calculate the highest common divisor of 15250 and 3728930.
610
Calculate the greatest common factor of 144744185 and 1517.
37
Calculate the greatest common divisor of 300 and 1469653050.
150
What is the greatest common factor of 26444 and 1312584?
2404
What is the greatest common factor of 246 and 14287516?
82
Calculate the highest common factor of 8097 and 22947.
3
Calculate the highest common divisor of 7971502 and 4144.
518
What is the highest common factor of 351576 and 1096281?
171
Calculate the highest common factor of 195 and 12715455.
15
What is the greatest common divisor of 21 and 676422432?
21
Calculate the greatest common factor of 193 and 8963113.
193
What is the greatest common divisor of 6605154 and 162?
18
Calculate the highest common factor of 16237842 and 4982.
94
What is the highest common divisor of 378521409 and 987?
987
Calculate the greatest common factor of 726 and 2059662.
726
Calculate the highest common factor of 2672 and 4134085.
167
What is the greatest common divisor of 2826 and 73611?
9
Calculate the greatest common factor of 13 and 1413763.
13
What is the greatest common factor of 30 and 452561910?
30
What is the highest common divisor of 750 and 161311250?
250
What is the greatest common divisor of 20970393 and 8323?
1189
What is the highest common divisor of 2250 and 1130940?
90
What is the highest common divisor of 130268039 and 93580?
4679
What is the highest common divisor of 6060 and 12033645?
1515
Calculate the highest common factor of 2768 and 25316880.
16
Calculate the greatest common divisor of 22 and 3885288.
22
What is the greatest common factor of 15282 and 4710663?
27
What is the highest common factor of 6 and 94452315?
3
Calculate the greatest common divisor of 395 and 8285.
5
Calculate the greatest common divisor of 13200 and 4727400.
600
What is the highest common divisor of 1515 and 156645?
15
Calculate the highest common factor of 89